[INFO] cloning repository https://github.com/swapsCAPS/dasmooikut.nl
[INFO] running `Command { std: "git" "-c" "credential.helper=" "-c" "credential.helper=/workspace/cargo-home/bin/git-credential-null" "clone" "--bare" "https://github.com/swapsCAPS/dasmooikut.nl" "/workspace/cache/git-repos/https%3A%2F%2Fgithub.com%2FswapsCAPS%2Fdasmooikut.nl", kill_on_drop: false }`
[INFO] [stderr] Cloning into bare repository '/workspace/cache/git-repos/https%3A%2F%2Fgithub.com%2FswapsCAPS%2Fdasmooikut.nl'...
[INFO] running `Command { std: "git" "rev-parse" "HEAD", kill_on_drop: false }`
[INFO] [stdout] 7b6f71def70ac47ac5f4aafd5f2dd2c023eff8de
[INFO] checking swapsCAPS/dasmooikut.nl against 40527f3e444fde1deb361751bdef9b9e11d1b971+rustflags=--cfg crater_hack --force-warn invalid-c-variadic-arguments for pr-162478
[INFO] running `Command { std: "git" "clone" "/workspace/cache/git-repos/https%3A%2F%2Fgithub.com%2FswapsCAPS%2Fdasmooikut.nl" "/workspace/builds/worker-6-tc2/source", kill_on_drop: false }`
[INFO] [stderr] Cloning into '/workspace/builds/worker-6-tc2/source'...
[INFO] [stderr] done.
[INFO] started tweaking git repo https://github.com/swapsCAPS/dasmooikut.nl
[INFO] finished tweaking git repo https://github.com/swapsCAPS/dasmooikut.nl
[INFO] tweaked toml for git repo https://github.com/swapsCAPS/dasmooikut.nl written to /workspace/builds/worker-6-tc2/source/Cargo.toml
[INFO] validating manifest of git repo https://github.com/swapsCAPS/dasmooikut.nl on toolchain 40527f3e444fde1deb361751bdef9b9e11d1b971
[INFO] running `Command { std: CARGO_HOME="/workspace/cargo-home" RUSTUP_HOME="/workspace/rustup-home" "/workspace/cargo-home/bin/cargo" "+40527f3e444fde1deb361751bdef9b9e11d1b971" "metadata" "--manifest-path" "Cargo.toml" "--no-deps", kill_on_drop: false }`
[INFO] crate git repo https://github.com/swapsCAPS/dasmooikut.nl already has a lockfile, it will not be regenerated
[INFO] running `Command { std: CARGO_HOME="/workspace/cargo-home" RUSTUP_HOME="/workspace/rustup-home" "/workspace/cargo-home/bin/cargo" "+40527f3e444fde1deb361751bdef9b9e11d1b971" "fetch" "--manifest-path" "Cargo.toml", kill_on_drop: false }`
[INFO] [stderr] warning: binary `dasmooikut_nl` should have a kebab-case name
[INFO] [stderr]    |
[INFO] [stderr]  1 | /workspace/builds/worker-6-tc2/source/target/.../dasmooikut_nl
[INFO] [stderr]    |                                                  ^^^^^^^^^^^^^
[INFO] [stderr]    |
[INFO] [stderr]    = note: `cargo::non_kebab_case_bins` is set to `warn` by default
[INFO] [stderr] help: to change the binary name to `dasmooikut-nl`, convert `package.name`
[INFO] [stderr]   --> Cargo.toml:13:8
[INFO] [stderr]    |
[INFO] [stderr] 13 - name = "dasmooikut_nl"
[INFO] [stderr] 13 + name = "dasmooikut-nl"
[INFO] [stderr]    |
[INFO] [stderr] help: to change the binary name to `dasmooikut-nl`, specify `bin.name`
[INFO] [stderr]   --> Cargo.toml:14:19
[INFO] [stderr]    |
[INFO] [stderr] 14 ~ version = "0.1.0"
[INFO] [stderr] 15 + [[bin]]
[INFO] [stderr] 16 + name = "dasmooikut-nl"
[INFO] [stderr] 17 + path = "src/main.rs"
[INFO] [stderr]    |
[INFO] [stderr] warning: `dasmooikut_nl` (manifest) generated 1 warning
[INFO] [stderr]     Blocking waiting for file lock on package cache
[INFO] [stderr]     Blocking waiting for file lock on package cache
[INFO] [stderr]  Downloading crates ...
[INFO] [stderr]   Downloaded stfu8 v0.2.4
[INFO] [stderr]   Downloaded serde_json v1.0.56
[INFO] [stderr]   Downloaded pear_codegen v0.1.4
[INFO] [stderr]   Downloaded voca_rs v1.10.1
[INFO] [stderr]   Downloaded filetime v0.2.10
[INFO] [stderr]   Downloaded rocket_contrib v0.4.5
[INFO] [stderr]   Downloaded pear v0.1.4
[INFO] [stderr]   Downloaded hkdf v0.8.0
[INFO] [stderr]   Downloaded ghash v0.2.3
[INFO] [stderr]   Downloaded universal-hash v0.3.0
[INFO] [stderr]   Downloaded polyval v0.3.3
[INFO] [stderr]   Downloaded devise_core v0.2.0
[INFO] [stderr]   Downloaded inotify-sys v0.1.3
[INFO] [stderr]   Downloaded aead v0.2.0
[INFO] [stderr]   Downloaded state v0.4.1
[INFO] [stderr]   Downloaded cookie v0.11.3
[INFO] [stderr]   Downloaded devise v0.2.0
[INFO] [stderr]   Downloaded indexmap v1.4.0
[INFO] [stderr]   Downloaded rocket_http v0.4.5
[INFO] [stderr]   Downloaded rocket_codegen v0.4.5
[INFO] [stderr]   Downloaded aes v0.3.2
[INFO] [stderr]   Downloaded notify v4.0.15
[INFO] [stderr]   Downloaded rocket v0.4.5
[INFO] [stderr]   Downloaded aesni v0.6.0
[INFO] [stderr]   Downloaded aes-gcm v0.5.0
[INFO] [stderr]   Downloaded syn v1.0.33
[INFO] [stderr]   Downloaded libc v0.2.71
[INFO] [stderr]   Downloaded devise_codegen v0.2.0
[INFO] running `Command { std: "docker" "create" "-v" "/var/lib/crater-agent-workspace/builds/worker-6-tc2/source:/opt/rustwide/workdir:ro,Z" "-v" "/var/lib/crater-agent-workspace/builds/worker-6-tc2/target:/opt/rustwide/target:rw,Z" "-v" "/var/lib/crater-agent-workspace/cargo-home:/opt/rustwide/cargo-home:ro,Z" "-v" "/var/lib/crater-agent-workspace/rustup-home:/opt/rustwide/rustup-home:ro,Z" "-m" "1610612736" "--network" "none" "ghcr.io/rust-lang/crates-build-env/linux@sha256:8683fc1fc2eb5c9ac98e0d076ab094b2ffac7f99da555d2b6a2e27f346de2ec7" "sleep" "infinity", kill_on_drop: false }`
[INFO] [stdout] adf1bbecc2779c53cfe61dce7a4d55da0e1467228cdc581eb66e7d0425cc56ff
[INFO] running `Command { std: "docker" "start" "adf1bbecc2779c53cfe61dce7a4d55da0e1467228cdc581eb66e7d0425cc56ff", kill_on_drop: false }`
[INFO] running `Command { std: "docker" "inspect" "adf1bbecc2779c53cfe61dce7a4d55da0e1467228cdc581eb66e7d0425cc56ff", kill_on_drop: false }`
[INFO] running `Command { std: "docker" "exec" "-e" "SOURCE_DIR=/opt/rustwide/workdir" "-e" "CARGO_HOME=/opt/rustwide/cargo-home" "-e" "RUSTUP_HOME=/opt/rustwide/rustup-home" "-e" "CARGO_TARGET_DIR=/opt/rustwide/target" "-w" "/opt/rustwide/workdir" "--user" "0:0" "adf1bbecc2779c53cfe61dce7a4d55da0e1467228cdc581eb66e7d0425cc56ff" "/opt/rustwide/cargo-home/bin/cargo" "+40527f3e444fde1deb361751bdef9b9e11d1b971" "metadata" "--no-deps" "--format-version=1", kill_on_drop: false }`
[INFO] running `Command { std: "docker" "inspect" "adf1bbecc2779c53cfe61dce7a4d55da0e1467228cdc581eb66e7d0425cc56ff", kill_on_drop: false }`
[INFO] running `Command { std: "docker" "exec" "-e" "SOURCE_DIR=/opt/rustwide/workdir" "-e" "CARGO_HOME=/opt/rustwide/cargo-home" "-e" "RUSTUP_HOME=/opt/rustwide/rustup-home" "-e" "CARGO_TARGET_DIR=/opt/rustwide/target" "-e" "CARGO_INCREMENTAL=0" "-e" "RUST_BACKTRACE=full" "-e" "RUSTFLAGS=--cap-lints=forbid --cfg crater_hack --force-warn invalid-c-variadic-arguments" "-e" "RUSTDOCFLAGS=--cap-lints=forbid" "-w" "/opt/rustwide/workdir" "--user" "0:0" "adf1bbecc2779c53cfe61dce7a4d55da0e1467228cdc581eb66e7d0425cc56ff" "/opt/rustwide/cargo-home/bin/cargo" "+40527f3e444fde1deb361751bdef9b9e11d1b971" "check" "--frozen" "--all" "--all-targets" "--message-format=json", kill_on_drop: false }`
[INFO] [stderr] warning: binary `dasmooikut_nl` should have a kebab-case name
[INFO] [stderr]    |
[INFO] [stderr]  1 | /opt/rustwide/target/.../dasmooikut_nl
[INFO] [stderr]    |                          ^^^^^^^^^^^^^
[INFO] [stderr]    |
[INFO] [stderr]    = note: `cargo::non_kebab_case_bins` is set to `warn` by default
[INFO] [stderr] help: to change the binary name to `dasmooikut-nl`, convert `package.name`
[INFO] [stderr]   --> Cargo.toml:13:8
[INFO] [stderr]    |
[INFO] [stderr] 13 - name = "dasmooikut_nl"
[INFO] [stderr] 13 + name = "dasmooikut-nl"
[INFO] [stderr]    |
[INFO] [stderr] help: to change the binary name to `dasmooikut-nl`, specify `bin.name`
[INFO] [stderr]   --> Cargo.toml:14:19
[INFO] [stderr]    |
[INFO] [stderr] 14 ~ version = "0.1.0"
[INFO] [stderr] 15 + [[bin]]
[INFO] [stderr] 16 + name = "dasmooikut-nl"
[INFO] [stderr] 17 + path = "src/main.rs"
[INFO] [stderr]    |
[INFO] [stderr] warning: `dasmooikut_nl` (manifest) generated 1 warning
[INFO] [stderr]    Compiling typenum v1.12.0
[INFO] [stderr]    Compiling libc v0.2.71
[INFO] [stderr]    Compiling proc-macro2 v0.4.30
[INFO] [stderr]    Compiling yansi v0.5.0
[INFO] [stderr]    Compiling version_check v0.9.2
[INFO] [stderr]    Compiling syn v0.15.44
[INFO] [stderr]    Compiling byteorder v1.3.4
[INFO] [stderr]    Compiling subtle v2.2.3
[INFO] [stderr]    Compiling opaque-debug v0.2.3
[INFO] [stderr]    Compiling indexmap v1.4.0
[INFO] [stderr]    Compiling matches v0.1.8
[INFO] [stderr]    Compiling pear_codegen v0.1.4
[INFO] [stderr]    Compiling byte-tools v0.3.1
[INFO] [stderr]    Compiling proc-macro2 v1.0.18
[INFO] [stderr]    Compiling tinyvec v0.3.3
[INFO] [stderr]    Compiling subtle v1.0.0
[INFO] [stderr]    Compiling unicode-normalization v0.1.13
[INFO] [stderr]    Compiling block-padding v0.1.5
[INFO] [stderr]    Compiling getrandom v0.1.14
[INFO] [stderr]    Compiling quote v0.6.13
[INFO] [stderr]    Compiling unicode-bidi v0.3.4
[INFO] [stderr]    Compiling rand_core v0.5.1
[INFO] [stderr]    Compiling log v0.4.8
[INFO] [stderr]    Compiling serde v1.0.114
[INFO] [stderr]    Compiling ppv-lite86 v0.2.8
[INFO] [stderr]    Compiling log v0.3.9
[INFO] [stderr]    Compiling idna v0.1.5
[INFO] [stderr]    Compiling time v0.1.43
[INFO] [stderr]    Compiling rand_chacha v0.2.2
[INFO] [stderr]    Compiling bitflags v1.2.1
[INFO] [stderr]    Compiling zeroize v1.1.0
[INFO] [stderr]    Compiling safemem v0.3.3
[INFO] [stderr]    Compiling syn v1.0.33
[INFO] [stderr]    Compiling ucd-trie v0.1.3
[INFO] [stderr]    Compiling percent-encoding v1.0.1
[INFO] [stderr]     Checking generic-array v0.12.3
[INFO] [stderr]    Compiling fake-simd v0.1.2
[INFO] [stderr]    Compiling url v1.7.2
[INFO] [stderr]    Compiling pest v2.1.3
[INFO] [stderr]    Compiling base64 v0.9.3
[INFO] [stderr]    Compiling quote v1.0.7
[INFO] [stderr]    Compiling digest v0.8.1
[INFO] [stderr]    Compiling block-cipher-trait v0.6.2
[INFO] [stderr]    Compiling universal-hash v0.3.0
[INFO] [stderr]    Compiling aes-soft v0.3.3
[INFO] [stderr]    Compiling polyval v0.3.3
[INFO] [stderr]    Compiling crypto-mac v0.7.0
[INFO] [stderr]    Compiling hmac v0.7.1
[INFO] [stderr]    Compiling ghash v0.2.3
[INFO] [stderr]    Compiling aes v0.3.2
[INFO] [stderr]    Compiling block-buffer v0.7.3
[INFO] [stderr]    Compiling aead v0.2.0
[INFO] [stderr]    Compiling aes-gcm v0.5.0
[INFO] [stderr]    Compiling sha2 v0.8.2
[INFO] [stderr]    Compiling hkdf v0.8.0
[INFO] [stderr]    Compiling rand v0.7.3
[INFO] [stderr]    Compiling mime v0.2.6
[INFO] [stderr]     Checking aho-corasick v0.7.13
[INFO] [stderr]    Compiling num_cpus v1.13.0
[INFO] [stderr]    Compiling httparse v1.3.4
[INFO] [stderr]    Compiling maplit v1.0.2
[INFO] [stderr]    Compiling language-tags v0.2.2
[INFO] [stderr]    Compiling base64 v0.12.3
[INFO] [stderr]    Compiling typeable v0.1.2
[INFO] [stderr]    Compiling traitobject v0.1.0
[INFO] [stdout] error[E0119]: conflicting implementations of trait `Trait` for type `(dyn Send + Sync + 'static)`
[INFO] [stdout]   --> /opt/rustwide/cargo-home/registry/src/index.crates.io-1949cf8c6b5b557f/traitobject-0.1.0/src/impls.rs:72:1
[INFO] [stdout]    |
[INFO] [stdout] 71 | unsafe impl Trait for ::std::marker::Send + Sync { }
[INFO] [stdout]    | ------------------------------------------------ first implementation here
[INFO] [stdout] 72 | unsafe impl Trait for ::std::marker::Send + Send + Sync { }
[INFO] [stdout]    | ^^^^^^^^^^^^^^^^^^^^^^^^^^^^^^^^^^^^^^^^^^^^^^^^^^^^^^^ conflicting implementation for `(dyn Send + Sync + 'static)`
[INFO] [stdout] 
[INFO] [stdout] 
[INFO] [stdout] error[E0119]: conflicting implementations of trait `Trait` for type `(dyn Send + Sync + 'static)`
[INFO] [stdout]   --> /opt/rustwide/cargo-home/registry/src/index.crates.io-1949cf8c6b5b557f/traitobject-0.1.0/src/impls.rs:73:1
[INFO] [stdout]    |
[INFO] [stdout] 71 | unsafe impl Trait for ::std::marker::Send + Sync { }
[INFO] [stdout]    | ------------------------------------------------ first implementation here
[INFO] [stdout] 72 | unsafe impl Trait for ::std::marker::Send + Send + Sync { }
[INFO] [stdout] 73 | unsafe impl Trait for ::std::marker::Sync + Send { }
[INFO] [stdout]    | ^^^^^^^^^^^^^^^^^^^^^^^^^^^^^^^^^^^^^^^^^^^^^^^^ conflicting implementation for `(dyn Send + Sync + 'static)`
[INFO] [stdout] 
[INFO] [stdout] 
[INFO] [stdout] error[E0119]: conflicting implementations of trait `Trait` for type `(dyn Send + Sync + 'static)`
[INFO] [stdout]   --> /opt/rustwide/cargo-home/registry/src/index.crates.io-1949cf8c6b5b557f/traitobject-0.1.0/src/impls.rs:75:1
[INFO] [stdout]    |
[INFO] [stdout] 71 | unsafe impl Trait for ::std::marker::Send + Sync { }
[INFO] [stdout]    | ------------------------------------------------ first implementation here
[INFO] [stdout] ...
[INFO] [stdout] 75 | unsafe impl Trait for ::std::marker::Sync + Send + Sync { }
[INFO] [stdout]    | ^^^^^^^^^^^^^^^^^^^^^^^^^^^^^^^^^^^^^^^^^^^^^^^^^^^^^^^ conflicting implementation for `(dyn Send + Sync + 'static)`
[INFO] [stdout] 
[INFO] [stdout] 
[INFO] [stdout] For more information about this error, try `rustc --explain E0119`.
[INFO] [stdout] 
[INFO] [stderr] error: could not compile `traitobject` (lib) due to 3 previous errors
[INFO] [stderr] warning: build failed, waiting for other jobs to finish...
[INFO] running `Command { std: "docker" "inspect" "adf1bbecc2779c53cfe61dce7a4d55da0e1467228cdc581eb66e7d0425cc56ff", kill_on_drop: false }`
[INFO] running `Command { std: "docker" "rm" "-f" "adf1bbecc2779c53cfe61dce7a4d55da0e1467228cdc581eb66e7d0425cc56ff", kill_on_drop: false }`
[INFO] [stdout] adf1bbecc2779c53cfe61dce7a4d55da0e1467228cdc581eb66e7d0425cc56ff
